{"id":635,"date":"2017-08-28T23:27:49","date_gmt":"2017-08-28T21:27:49","guid":{"rendered":"http:\/\/www.pfarre-gisingen.at\/sebastian\/?page_id=635"},"modified":"2017-09-06T17:42:43","modified_gmt":"2017-09-06T15:42:43","slug":"priesterweihe","status":"publish","type":"page","link":"https:\/\/www.pfarre-gisingen.at\/sebastian\/sakramente-und-begraebnis\/priesterweihe","title":{"rendered":"Priesterweihe"},"content":{"rendered":"<h3 class=\"art-postheader\">Was ist die Priesterweihe ?<\/h3>\n<p><em>Das Sakrament der Weihe<\/em><br \/>\n<em> aus: Karl Wallner, Sakramente \u2013 was ist das?<br \/>\n<\/em>Gedanken zu den Sakramenten f\u00fcr junge Menschen.<\/p>\n<p>Priester wird man, indem man das Sakrament der Priesterweihe empf\u00e4ngt: Der Bischof ist Nachfolger der Apostel. Nur er kann die Priesterweihe spenden. Die Weihe erfolgt durch Handauflegung und Gebet, wie es schon zu Zeiten der Apostel war (Apostelgeschichte 8,18; 14,23; 1. Timotheusbrief 4,14). Der Geweihte tritt damit gleichsam hinein in die Gestalt Christi, er wird zu einem \u201ezweiten Christus\u201c. Darum kann er die Wort Christi in der 1. Person sprechen: \u201eDas ist mein Leib &#8230; das ist mein Blut!\u201c Und: \u201eIch spreche dich los von deinen S\u00fcnden!\u201c Christus, der einzige Hohepriester, spricht durch ihn und handelt durch ihn. Deshalb sind die Priester auch wie Christus gekleidet, zumindest bei der heiligen Messe. Priester ist man auf ewig, selbst nach dem Tod in alle Ewigkeit.<\/p>\n<p>Die Weihe zum Priester ist \u00fcbrigens die zweite Stufe des Weihesakramentes: Ihr voraus liegt als erste Stufe die Weihe zum Diakon. Ein Diakon wird durch den Bischof geweiht und ist in seinem Dienst (Diakon = w\u00f6rtlich: Diener) der Helfer des Bischofs und der Priester. Er kann das Sakrament der Taufe spenden, bei der Eheschlie\u00dfung den Segen erteilen und sonst eigentlich jede Form von Seelsorge aus\u00fcben! Interessant ist vielleicht auch, dass es sowohl verheiratete als auch unverheiratete \u201est\u00e4ndige\u201c Diakone gibt.<\/p>\n<p>Die dritte und h\u00f6chste Stufe des Weihesakramentes ist das Bischofsamt; dieses setzt die Priesterweihe voraus und ist die F\u00fclle des Sakramentes, weil der Bischof gleichsam \u201eChristus am Ort\u201c gegenw\u00e4rtig macht. Der geweihte Bischof ist Nachfolger der Apostel, von ihm gilt das Wort Christi an seine J\u00fcnger: \u201eWer euch h\u00f6rt, der h\u00f6rt mich!\u201c (Lukas 10,16). Die Bisch\u00f6fe bilden \u2013 in Einheit mit dem Papst \u2013 das sogenannte Bischofskollegium und haben die oberste Lehrautorit\u00e4t in der Kirche, weil durch sie der Geist Christi wirkt. In diesem Bischofskollegium hat der Bischof von Rom, der den Namen Papst tr\u00e4gt, eine ganz besondere Stellung: Er ist als Nachfolger des Apostels Petrus jener geistige \u201eFels\u201c, auf den Christus selbst seine Kirche bauen wollte (Matth\u00e4us 16,18).<\/p>\n ","protected":false},"excerpt":{"rendered":"<p>Was ist die Priesterweihe ? Das Sakrament der Weihe aus: Karl Wallner, Sakramente \u2013 was ist das? Gedanken zu den Sakramenten f\u00fcr junge Menschen. Priester <span class=\"readmore\"><a href=\"https:\/\/www.pfarre-gisingen.at\/sebastian\/sakramente-und-begraebnis\/priesterweihe\">Weiter lesen &#8230;<\/a><\/span><\/p>\n","protected":false},"author":1,"featured_media":640,"parent":770,"menu_order":8,"comment_status":"closed","ping_status":"closed","template":"","meta":{"footnotes":""},"class_list":["post-635","page","type-page","status-publish","has-post-thumbnail","hentry"],"_links":{"self":[{"href":"https:\/\/www.pfarre-gisingen.at\/sebastian\/wp-json\/wp\/v2\/pages\/635","targetHints":{"allow":["GET"]}}],"collection":[{"href":"https:\/\/www.pfarre-gisingen.at\/sebastian\/wp-json\/wp\/v2\/pages"}],"about":[{"href":"https:\/\/www.pfarre-gisingen.at\/sebastian\/wp-json\/wp\/v2\/types\/page"}],"author":[{"embeddable":true,"href":"https:\/\/www.pfarre-gisingen.at\/sebastian\/wp-json\/wp\/v2\/users\/1"}],"replies":[{"embeddable":true,"href":"https:\/\/www.pfarre-gisingen.at\/sebastian\/wp-json\/wp\/v2\/comments?post=635"}],"version-history":[{"count":0,"href":"https:\/\/www.pfarre-gisingen.at\/sebastian\/wp-json\/wp\/v2\/pages\/635\/revisions"}],"up":[{"embeddable":true,"href":"https:\/\/www.pfarre-gisingen.at\/sebastian\/wp-json\/wp\/v2\/pages\/770"}],"wp:featuredmedia":[{"embeddable":true,"href":"https:\/\/www.pfarre-gisingen.at\/sebastian\/wp-json\/wp\/v2\/media\/640"}],"wp:attachment":[{"href":"https:\/\/www.pfarre-gisingen.at\/sebastian\/wp-json\/wp\/v2\/media?parent=635"}],"curies":[{"name":"wp","href":"https:\/\/api.w.org\/{rel}","templated":true}]}}