{"id":652,"date":"2017-08-29T12:36:24","date_gmt":"2017-08-29T10:36:24","guid":{"rendered":"http:\/\/www.pfarre-gisingen.at\/sebastian\/?page_id=652"},"modified":"2021-06-25T22:54:12","modified_gmt":"2021-06-25T20:54:12","slug":"allgemeine-gottesdienstordnung","status":"publish","type":"page","link":"https:\/\/www.pfarre-gisingen.at\/sebastian\/aktuelle-gottesdienstordnung\/allgemeine-gottesdienstordnung","title":{"rendered":"Allgemeine Gottesdienstordnung"},"content":{"rendered":"<h3>Gottesdienste und Feiern w\u00e4hrend des Jahres<\/h3>\n<p>Die aktuellen Informationen bitten wir Sie der <a href=\"http:\/\/www.pfarre-gisingen.at\/sebastian\/aktuelle-gottesdienstordnung\/\"><em>Gottesdienstordung<\/em><\/a> zu entnehmen.<\/p>\n<p><strong>Hl. Messen an Sonn- und Feiertagen<\/strong><br \/>\nSamstag: Vorabendmesse 18:30 Uhr<br \/>\nSonntag: \u00a008:30 Uhr, 10:15 Uhr und 19:30 Uhr<\/p>\n<p><strong>Werkstagsmessen<\/strong><br \/>\nMontag: 08:00 Uhr<br \/>\nDienstag: 08:00 Uhr<br \/>\nMittwoch: 10.15 Uhr im Haus Gisingen<br \/>\nDonnerstag: 19:30 Uhr<br \/>\nFreitag: 19:30 Uhr<br \/>\nSamstag: 08:00 Uhr (kann gelegentlich entfallen; wir bitten auf der <a href=\"http:\/\/www.pfarre-gisingen.at\/sebastian\/aktuelle-gottesdienstordnung\/\">aktuellen Gottesdienstordnung<\/a> sich zu vergewissern!) &#8211; in den Sommerferien keine 8.00 Uhr Messe.<\/p>\n<p><strong>Herz-Jesu-Freitag:<\/strong><br \/>\n15.00 Uhr Barmherzigkeitsrosenkranz<br \/>\n18.30 Uhr Beichtgelegenheit, \u00a0Rosenkranz und Segnungsfeier (Einzelsegen mit dem Allerheiligsten)<br \/>\n19.30 Uhr feierliche Herz-Jesu-Messe mit Predigt<\/p>\n<p><strong>Fatimafeier <\/strong>18.30 Uhr: Aussetzung, Rosenkranz und Beichtgelegenheit<br \/>\n19.30 Uhr: feierlicher Gottesdienst<br \/>\nanschlie\u00dfend: Rosenkranzgebet und stille Anbetung bis ca. 21.00 Uhr<\/p>\n<p><strong>Eucharistische Anbetung<\/strong><br \/>\nDienstag, 8.40 &#8211; 18.00 Uhr<br \/>\nDonnerstag: 20:00 &#8211; 20:45 Uhr<br \/>\nFreitag: 17:30 Uhr bis 19:15 Uhr<\/p>\n<p><strong>Beichtgelegenheit:<\/strong><br \/>\nSonntag: 08.00 bis 08.15 Uhr und 09.45 bis 10.00 Uhr<br \/>\nFreitag: 18.30 bis 19.15 Uhr<br \/>\nSamstag: 18.00 bis 18.15 Uhr<br \/>\nHerz-Jesu-Freitag: ab 18.30<br \/>\nFatimafeier (jeweils am 13. des Monats): 18.30 bis 20.00 Uhr<\/p>\n<p><strong>Rosenkranz <\/strong><strong>in der Pfarrkirche<\/strong><br \/>\nMontag: \u00a017:30 Uhr<br \/>\nDonnerstag: 19:00 Uhr<br \/>\nFreitag: 18:15 Uhr<\/p>\n<p><strong>Rosenkranz in der F\u00f6hrenkapelle<\/strong><br \/>\nMontag: 17.30 Uhr (Winter: 16.00 Uhr)<br \/>\nMittwoch: 17.30 Uhr (Winter: 16.00 Uhr)<\/p>\n<p><strong>Besondere Gottesdienste f\u00fcr Kinder: diese bitten wir der aktuellen Gottesdienstordnung auf dieser Homepage zu entnehmen. Speziell f\u00fcr Kinder machen wir in der Regel etwas zu folgenden Anl\u00e4ssen<\/strong><\/p>\n<ul>\n<li>Familiengottesdienste<\/li>\n<li>Martinsfeier mit Martinsumzug<\/li>\n<li>Vorstellungsgottesdienst f\u00fcr unsere Erstkommunikanten<\/li>\n<li>Krippenspiel unserer Moatlagruppa<\/li>\n<li>Messfeier mit unseren Sternsingern<\/li>\n<li>Palmsonntag mit Palmprozession; am Vortag Palmbuschbinden und Ratschen-Bauen.<\/li>\n<li>Karfreitag Kreuzweg f\u00fcr Kinder<\/li>\n<li>Erstkommunionfeiern<\/li>\n<li>Fronleichnam mit Prozession<\/li>\n<li>Grillfest der Ministranten<\/li>\n<\/ul>\n\n<!-- Page-list plugin v.5.9 wordpress.org\/plugins\/page-list\/ -->\n<ul class=\"page-list \">\n<li class=\"page_item page-item-406\"><a href=\"https:\/\/www.pfarre-gisingen.at\/sebastian\/aktuelle-gottesdienstordnung\">Aktuelle Gottesdienstordnung<\/a><\/li>\n\n<\/ul>\n ","protected":false},"excerpt":{"rendered":"<p>Gottesdienste und Feiern w\u00e4hrend des Jahres Die aktuellen Informationen bitten wir Sie der Gottesdienstordung zu entnehmen. Hl. Messen an Sonn- und Feiertagen Samstag: Vorabendmesse 18:30 <span class=\"readmore\"><a href=\"https:\/\/www.pfarre-gisingen.at\/sebastian\/aktuelle-gottesdienstordnung\/allgemeine-gottesdienstordnung\">Weiter lesen &#8230;<\/a><\/span><\/p>\n","protected":false},"author":1,"featured_media":0,"parent":406,"menu_order":0,"comment_status":"closed","ping_status":"closed","template":"","meta":{"footnotes":""},"class_list":["post-652","page","type-page","status-publish","hentry"],"_links":{"self":[{"href":"https:\/\/www.pfarre-gisingen.at\/sebastian\/wp-json\/wp\/v2\/pages\/652","targetHints":{"allow":["GET"]}}],"collection":[{"href":"https:\/\/www.pfarre-gisingen.at\/sebastian\/wp-json\/wp\/v2\/pages"}],"about":[{"href":"https:\/\/www.pfarre-gisingen.at\/sebastian\/wp-json\/wp\/v2\/types\/page"}],"author":[{"embeddable":true,"href":"https:\/\/www.pfarre-gisingen.at\/sebastian\/wp-json\/wp\/v2\/users\/1"}],"replies":[{"embeddable":true,"href":"https:\/\/www.pfarre-gisingen.at\/sebastian\/wp-json\/wp\/v2\/comments?post=652"}],"version-history":[{"count":3,"href":"https:\/\/www.pfarre-gisingen.at\/sebastian\/wp-json\/wp\/v2\/pages\/652\/revisions"}],"predecessor-version":[{"id":25197,"href":"https:\/\/www.pfarre-gisingen.at\/sebastian\/wp-json\/wp\/v2\/pages\/652\/revisions\/25197"}],"up":[{"embeddable":true,"href":"https:\/\/www.pfarre-gisingen.at\/sebastian\/wp-json\/wp\/v2\/pages\/406"}],"wp:attachment":[{"href":"https:\/\/www.pfarre-gisingen.at\/sebastian\/wp-json\/wp\/v2\/media?parent=652"}],"curies":[{"name":"wp","href":"https:\/\/api.w.org\/{rel}","templated":true}]}}