{"id":924,"date":"2017-09-07T08:21:17","date_gmt":"2017-09-07T06:21:17","guid":{"rendered":"http:\/\/www.pfarre-gisingen.at\/sebastian\/?page_id=924"},"modified":"2017-09-07T08:42:01","modified_gmt":"2017-09-07T06:42:01","slug":"pfarrchonik-ueberblick","status":"publish","type":"page","link":"https:\/\/www.pfarre-gisingen.at\/sebastian\/pfarrgeschichte-2\/pfarrchonik-ueberblick","title":{"rendered":"Pfarrchonik &#8211; \u00dcberblick"},"content":{"rendered":"<p><strong><a href=\"http:\/\/www.pfarre-gisingen.at\/sebastian\/wp-content\/uploads\/2017\/09\/gisingen4.jpg\"><img loading=\"lazy\" decoding=\"async\" class=\"alignleft size-medium wp-image-928\" src=\"http:\/\/www.pfarre-gisingen.at\/sebastian\/wp-content\/uploads\/2017\/09\/gisingen4-300x225.jpg\" alt=\"\" width=\"300\" height=\"225\" \/><\/a>Erw\u00e4hnenswerte Daten in chronologischer Reihenfolge<\/strong><\/p>\n<p>1634 Einweihung dieser Pestkapelle<br \/>\n1864 Baubeginn der Kirche am Sebastianplatz<br \/>\n1865 Abbruch der Pestkapelle<br \/>\n1866 Die Kirche wird von Weihbischof Johann Amberg benediziert<br \/>\n1891 Die Turmuhr wird angeschafft<br \/>\n1892 Ankauf des Friedhofgrundes von Johann Schatzmann<br \/>\n1893 Kauf der ersten Glocken von der Pfarrgemeinde Schaan<br \/>\n1896 Genehmigung des Abl\u00f6severtrages zwischen Altenstadt und Gisingen vom bisch\u00f6flichen Ordinariat in Brixen und Errichtung der Pfarre Gisingen<br \/>\n1896 Einzug des ersten Pfarrherrn Peter D\u00fcringer und Gr\u00fcndung des Kirchenchores<br \/>\n1916 Anlieferung der Glocken im Ersten Weltkrieg<br \/>\n1922 Umbau der Kirche \u2013 Anbau der Seitenschiffe<br \/>\n1925 Weihe der neuen Glocken<br \/>\n1926 Einsturz der Empore<br \/>\n1928 Pfarrer Ferdinand Juen \u00fcbernimmt die Pfarrei Gisingen<br \/>\n1947 Renovierung der Kirche im Innern<br \/>\n1952 Erste Friedhoferweiterung \u2013 Errichtung der Leichenhalle beim Kriegerdenkmal<br \/>\n1953 Weihe der zwei neuen Glocken<br \/>\n1970 Einbau der Kirchenheizung<br \/>\n1972 Innenrenovierung der Kirche und Vergr\u00f6\u00dferung der Sakristei<br \/>\n1974 Erneuerung des Bodens und der Kirchenb\u00e4nke<br \/>\n1975 Neueindeckung des Kirchturmes<br \/>\n1976 Renovierung der Orgel<br \/>\n1983 Zweite Friedhofserweiterung<br \/>\n1986 Renovierung des Gotteshauses im Innern<br \/>\n1988 Dritte Erweiterung des Friedhofes<br \/>\n1989 Renovierung des Kirchturmkreuzes<br \/>\n1995 Au\u00dfenrenovierung der Kirche<br \/>\n2014 \u2013 2015 gro\u00dfe Renovierung, Bau einer neuen Orgel durch die Ortsans\u00e4ssige Firma Pfl\u00fcger, Vorplatzgestaltung<br \/>\n2015 Pfingsten: Weihe der neuen Orgel durch Bischof Dr. Benno Elbs, 150- Jahr Jubil\u00e4um als Abschluss der gro\u00dfen Renovierung<\/p>\n ","protected":false},"excerpt":{"rendered":"<p>Erw\u00e4hnenswerte Daten in chronologischer Reihenfolge 1634 Einweihung dieser Pestkapelle 1864 Baubeginn der Kirche am Sebastianplatz 1865 Abbruch der Pestkapelle 1866 Die Kirche wird von Weihbischof <span class=\"readmore\"><a href=\"https:\/\/www.pfarre-gisingen.at\/sebastian\/pfarrgeschichte-2\/pfarrchonik-ueberblick\">Weiter lesen &#8230;<\/a><\/span><\/p>\n","protected":false},"author":1,"featured_media":928,"parent":933,"menu_order":1,"comment_status":"closed","ping_status":"closed","template":"","meta":{"footnotes":""},"class_list":["post-924","page","type-page","status-publish","has-post-thumbnail","hentry"],"_links":{"self":[{"href":"https:\/\/www.pfarre-gisingen.at\/sebastian\/wp-json\/wp\/v2\/pages\/924","targetHints":{"allow":["GET"]}}],"collection":[{"href":"https:\/\/www.pfarre-gisingen.at\/sebastian\/wp-json\/wp\/v2\/pages"}],"about":[{"href":"https:\/\/www.pfarre-gisingen.at\/sebastian\/wp-json\/wp\/v2\/types\/page"}],"author":[{"embeddable":true,"href":"https:\/\/www.pfarre-gisingen.at\/sebastian\/wp-json\/wp\/v2\/users\/1"}],"replies":[{"embeddable":true,"href":"https:\/\/www.pfarre-gisingen.at\/sebastian\/wp-json\/wp\/v2\/comments?post=924"}],"version-history":[{"count":0,"href":"https:\/\/www.pfarre-gisingen.at\/sebastian\/wp-json\/wp\/v2\/pages\/924\/revisions"}],"up":[{"embeddable":true,"href":"https:\/\/www.pfarre-gisingen.at\/sebastian\/wp-json\/wp\/v2\/pages\/933"}],"wp:featuredmedia":[{"embeddable":true,"href":"https:\/\/www.pfarre-gisingen.at\/sebastian\/wp-json\/wp\/v2\/media\/928"}],"wp:attachment":[{"href":"https:\/\/www.pfarre-gisingen.at\/sebastian\/wp-json\/wp\/v2\/media?parent=924"}],"curies":[{"name":"wp","href":"https:\/\/api.w.org\/{rel}","templated":true}]}}